e number?
True
Is (1 - (-4)/(-3))*652489236/(-252) a prime number?
True
Let q(j) = 4 + 34*j**2 + 1 - 36*j**2 - 2*j - 1. Let z be q(0). Suppose h + 20 = -4*h, 7898 = 2*m - z*h. Is m prime?
False
Let t be (5 + 5)*2/4. Suppose 30854 = c + 10*m - 7*m, -5*c + 154300 = t*m. Is c a prime number?
False
Let c = -60 + 63. Is -7699*(-12 + c + 8) prime?
True
Suppose -266*l = -267*l + 9. Suppose -5*h + 0*g + 11380 = -g, -g = 5*h - 11390. Suppose -l*w = -0*w - h. Is w a prime number?
False
Suppose -288 = -19*h + 73. Suppose h*f = -13*f + 133664. Is f prime?
True
Let g(d) = d**3 + d**2 + 1. Let u(a) = 13*a**2 - 33*a + 1. Let f(t) = 6*g(t) - u(t). Is f(11) composite?
False
Suppose 3*m - 2*y + 3671 = 4*m, 3643 = m - 5*y. Let t = -1871 + m. Let j = t + -1199. Is j prime?
True
Suppose -3*d = 3*x - 9, 0*x + 19 = x - 3*d. Suppose 25457 = 2*o + i, -2*o - i - 63660 = -x*o. Is o prime?
False
Let w = 20 + -16. Let q = -158 - -160. Suppose -2533 = -5*o - w*t, -q*o + 2*t = -3*t - 1033. Is o prime?
True
Suppose -40*f + 8*f + 1602767 = -1670609. Is f composite?
False
Let k = -45 - -33. Is k/28 + (-1112440)/(-98) a prime number?
True
Let q = -3617 - -84948. Is q a prime number?
True
Let n(v) = 109*v**2 - 3*v - 3. Suppose -4*q + 9 = -3*q. Suppose -3*k + 2*f = f - 13, -q = -3*k + 3*f. Is n(k) composite?
False
Suppose -2*d - 9 = 3*n, 28 = d - 3*n - 2*n. Let f be (3 - (-372)/16 - 3)*12. Suppose -f = d*p - 6*p. Is p prime?
False
Let a = -40 - -41. Suppose 0 = 4*m - 8 - 8. Is a/(m/144) + -3 a composite number?
True
Let y(o) = 99753*o**2 + 2612*o + 2613. Is y(-1) composite?
True
Let j = -237620 - -140348. Let k = 154619 + j. Is k a prime number?
True
Let a(j) = 5*j + 0 - 1 + 5*j**2 - 4*j - 4*j**2. Is a(9) prime?
True
Let z(t) = t**3 + t**2 - 6*t + 18863. Let p be z(0). Is (-15)/(-105) - p*12/(-21) a prime number?
False
Suppose 0 = -2*k + 6 + 6. Suppose 11*b - k*b = 60. Suppose 0 = 18*v - b*v - 7902. Is v a composite number?
True
Let y = 331 - -393. Suppose -2*b = -y - 164. Suppose 5*c = 5*x + b + 1611, -x + 2067 = 5*c. Is c a composite number?
True
Let d(n) = -12*n**2 - 11*n + 6*n**2 + 8 - 6*n**2 + n - n**3. Let p be (39/(-12))/((-1)/(-4)). Is d(p) a prime number?
True
Is 7/1 + (-3 + 6 - 15) - -208194 a composite number?
False
Let v = -5600 + 12147. Is v a prime number?
True
Let t = 51 - 48. Suppose -t*m - 5*x - 9 = 0, 2*x + 8 = -2*m - 2*x. Suppose 177 = m*a + a. Is a a composite number?
False
Let u be ((-11)/3)/((-22)/12 - -2). Let h = -19 - u. Suppose 0 = 2*s - h*o - 4273, -2*s = 4*o - 0*o - 4238. Is s a prime number?
True
Let z be -2 + 2 + 1 + 756. Suppose 7*r - 2430 = -z. Let q = 606 - r. Is q composite?
False
Let m(z) = 5864*z**2 + 19. Is m(-3) a prime number?
False
Let u = 25345 + 8056. Is u composite?
True
Let s = 29315 - 22938. Is s composite?
True
Suppose -245*d = -237*d - 40. Is 33889/2 + d + 54/(-12) composite?
True
Suppose -8*n - 42*i + 38*i + 272356 = 0, 0 = n + 2*i - 34049. Is n a composite number?
True
Suppose 0 = 3*v - 4*v - 3. Is (-47520)/v - 12/4 a composite number?
True
Suppose 14*t - 273907 = 1362147. Is t prime?
False
Let t be (-165)/(-44) - 4/(32/6). Suppose 1583 = t*a - 7099. Is a composite?
True
Suppose 6 = -i + 10. Suppose u + 2 = i. Suppose -u*z - 5*f + 219 = 0, 4*f - 295 = -5*z + 210. Is z composite?
False
Let h(k) = k**3 - 9*k**2 - 10*k + 3. Let t be (-1)/8 + (5 - 82/(-16)). Let o be h(t). Suppose -5*v = -2*b - 3149, v - 183 = -o*b + 457. Is v a prime number?
True
Suppose -2*n - 4*o + 73270 = 0, -4*o + 38 - 26 = 0. Is n a prime number?
True
Let j(h) be the third derivative of -h**5/60 + h**4/3 - 11*h**3/6 - 20*h**2. Let m be j(3). Suppose m*p - 76 = -5*k, 4*k - 40 = -2*p + k. Is p composite?
True
Let s(x) = 351*x**2 + 130*x - 2065. Is s(54) a prime number?
True
Let r be 1959 + (-2)/(6/(-5))*3. Suppose 3*t - 1988 = -b, 5905 = 2*b - t + r. Is b composite?
False
Let j = -267 - -329. Suppose o + t = -0*o + 57, -4*t = -o + j. Is o prime?
False
Let w(p) = -4393*p - 10. Suppose 5 = -4*s - 15. Is w(s) a prime number?
False
Is (62/(-31))/(260/(-35769130)) - 4/26 prime?
True
Let x(v) = -425*v - 20. Suppose 3*r = 4*n - 5, -2*n + 3*n = -2*r - 7. Is x(r) prime?
False
Let o(w) = 348635*w**2 + 363*w - 3. Is o(-1) a composite number?
False
Suppose 5*p = -b + 306190, 0 = -9*p + 4*p + 2*b + 306175. Suppose m = 20*m - p. Is m a prime number?
False
Suppose -15 = -t + 5*s + 25, 3*t = 3*s + 60. Suppose 47408 = t*c + c. Is c a composite number?
False
Let n(z) = 3*z**2 + z - 56. Let r be n(5). Suppose 10*d + 203266 = r*d. Is d composite?
False
Let p(c) = 322*c**2 - c - 1. Let y be p(-1). Suppose -y = -2*q - 66. Let v = 1759 - q. Is v a composite number?
True
Suppose 45*z = 84052 + 596843. Is z a composite number?
False
Let k(l) = 112*l - 59. Let y(z) = z - 1. Let b(d) = 2*k(d) + 10*y(d). Is b(5) composite?
True
Is (-104888415)/(-240) + (-1)/16 a composite number?
True
Suppose -18 = 3*v, -4*v + 192789 = -260*o + 263*o. Is o composite?
False
Is (5154604/112 + 22)/(1/4) composite?
False
Suppose 4*k - 5*k = -4*p - 363, 4*k - 1517 = 3*p. Let m = 172 + k. Let u = m + -386. Is u a prime number?
False
Suppose -5*l = 5*a - 305640, -436*a + 5*l + 61158 = -435*a. Is a a composite number?
True
Let b(a) = 36*a + a**2 - 3*a**3 - 27*a - 17*a + 17. Is b(-7) composite?
False
Let h(r) = 320*r**2 + 301*r - 324. Is h(-33) composite?
True
Let d be (18 - 0)/(-6) - (-4)/2. Is 4267 + d + (-25)/(-5) composite?
False
Let g = 79155 + -51206. Is g composite?
True
Suppose -40020 + 140541 = 27*r. Suppose -h + 7988 = 5*v, 5*h - 2*v - r - 36244 = 0. Is h prime?
True
Suppose -12057 + 32062 = 2*h - 3*l, 4*h + 3*l - 40037 = 0. Is h composite?
False
Suppose 2*i + 0*w - 4*w = 0, 3*i = 5*w. Suppose 42903 = 5*r - 35*f + 39*f, i = r - 5*f - 8569. Is r a prime number?
False
Let d(w) = 3*w**3 + 53*w**2 - 40*w - 197. Is d(21) composite?
False
Let k be (-269)/(-5) + 3/15. Suppose -k = v + 8*v. Is (-3804)/(-8)*v/(-9) a composite number?
False
Let g = 1498642 - 498225. Is g composite?
True
Let c(g) = -98668*g**3 - 6*g**2 - 12*g - 11. Is c(-1) composite?
False
Let w = -101387 - -193938. Is w a prime number?
True
Suppose 5 - 34 = -5*l - 3*y, 3*l - 5*y + 3 = 0. Suppose -18*w = -16*w + 10, 0 = -l*p - 3*w + 997. Is p a composite number?
True
Let h be 0 - (0/2 - (-423)/(-9)). Suppose h*u = 42*u. Suppose 2*z - 1009 - 2589 = u. Is z a prime number?
False
Let y(j) = j**3 - 6*j**2 + 10. Let s be y(5). Let u be (9/15)/(3/s) + -110. Let v = u + 535. Is v a prime number?
False
Suppose -3*o + 505 = -98. Let c = o + 314. Is c prime?
False
Let t(j) be the second derivative of -j**5/20 - 5*j**4/4 + 29*j**3/6 + 43*j**2/2 + 2*j. Let p = 8 + -26. Is t(p) a composite number?
True
Suppose -q - 3*t + 1 + 6 = 0, 5*q - 55 = 5*t. Is (-4)/q - 1*(-10588)/20 prime?
False
Suppose -200*c - q = -196*c - 86585, 5*q = 4*c - 86603. Is c composite?
False
Suppose -2*z = -3*w + 600157 + 430474, -3*w - z = -1030628. Is w a composite number?
False
Let p(m) = m**2 + m + 11. Let g be p(0). Suppose -g*r - 750 = -r. Let v = 14 - r. Is v a prime number?
True
Suppose 3*i - 189816 = 4*h - 785344, 4*i + 297764 = 2*h. Is h composite?
True
Let d = 916 - 392. Is (-34)/(4/d*-2) prime?
False
Let c(b) = -b - 10. Let m be c(10). Let w(u) = u**3 + 33*u**2 + 52*u + 77. Is w(m) prime?
False
Is (-81)/18*(9 + (-1351958)/18) composite?
False
Is (8 - -5)/((-2)/(-29182)) prime?
False
Let r be (-15)/((-300)/(-8)) + 482/5. Let k = r - -7. Is k prime?
True
Is (-3163)/(72/(-66) + 3/33) a prime number?
True
Suppose r = -9*r - 1930. Let s = -430 - r. Is s*(55/20)/(6/(-8)) a composite number?
True
Suppose 11*z = 8*z + 63. Suppose 6*y - 9 = z. Suppose 879 = 4*t + y*u, -5*t + 1100 = 7*u - 2*u. Is t prime?
False
Let o = 181 + -176. Suppose -12476 - 181 = -4*n + o*p, 4*p - 15811 = -5*n. Is n a prime number?
True
Suppose 14*i = 28*i - 70. Suppose 2*l + 13054 = y + 2971, 3*l = -i*y + 50467. Is y prime?
True
Let h(c) = 25*c**3 + 4*c**2 + 15*c - 55. Is h(4) a composite number?
False
Let v = -2 - -3. Suppose -3*d - 3*n - 9 = -0*d, -n + v = 3*d. Suppose -2*w - u + 250 = 0, d*u + 0*u - 373 = -3*w. Is w a composite number?
False
Let z be (612/24)/((-2)/(-76)). Let h = z - 188. Is h a prime number?
False
Let m(n) be the first derivative of 27*n**4/4 - 2*n**3/3 + 23*n**2/2 - 7*n + 133. Is m(5) a pr